{"id":374,"date":"2026-02-26T16:23:14","date_gmt":"2026-02-26T19:23:14","guid":{"rendered":"https:\/\/durval.siteswinsmarketing.com.br\/?page_id=374"},"modified":"2026-02-26T16:24:15","modified_gmt":"2026-02-26T19:24:15","slug":"lgpd","status":"publish","type":"page","link":"https:\/\/durval.siteswinsmarketing.com.br\/index.php\/lgpd\/","title":{"rendered":"LGPD"},"content":{"rendered":"\t\t<div data-elementor-type=\"wp-page\" data-elementor-id=\"374\" class=\"elementor elementor-374\" data-elementor-post-type=\"page\">\n\t\t\t\t\t\t<section class=\"elementor-section elementor-top-section elementor-element elementor-element-839cacc elementor-section-boxed elementor-section-height-default elementor-section-height-default\" data-id=\"839cacc\" data-element_type=\"section\">\n\t\t\t\t\t\t<div class=\"elementor-container elementor-column-gap-default\">\n\t\t\t\t\t<div class=\"elementor-column elementor-col-100 elementor-top-column elementor-element elementor-element-11661a9\" data-id=\"11661a9\" data-element_type=\"column\">\n\t\t\t<div class=\"elementor-widget-wrap elementor-element-populated\">\n\t\t\t\t\t\t<div class=\"elementor-element elementor-element-8ebf8c7 elementor-widget elementor-widget-text-editor\" data-id=\"8ebf8c7\" data-element_type=\"widget\" data-widget_type=\"text-editor.default\">\n\t\t\t\t<div class=\"elementor-widget-container\">\n\t\t\t\t\t\t\t\t\t<p align=\"center\">Politica | Pol\u00edtica de Privacidade<\/p><p align=\"center\">POL\u00cdTICA DE PRIVACIDADE ATUALIZADA EM 30 DE JULHO DE 2021<\/p><p>Esta \u00e9 a nossa Pol\u00edtica de Privacidade, que mostra em detalhes as diretrizes da DURVAL TELECOM LTDA para o tratamento dos dados, f\u00edsicos ou digitais, fornecidos por clientes e n\u00e3o clientes, pessoas f\u00edsicas que usam nossos servi\u00e7os. Esta pol\u00edtica \u00e9 regulada pela Lei Geral de Prote\u00e7\u00e3o de Dados, a LGPD (Lei n.\u00ba 13.709, de 14 de agosto de 2018), e outras normas aplic\u00e1veis.<\/p><p>Esta Pol\u00edtica de Privacidade foi criada com base no princ\u00edpio da transpar\u00eancia e de acordo com seus direitos, que s\u00e3o garantidos pela DURVAL TELECOM LTDA por meio das pr\u00e1ticas que est\u00e3o neste documento. Por isso, \u00e9 importante que voc\u00ea leia atentamente esta p\u00e1gina.<\/p><p>Em alguns casos, se voc\u00ea decidir n\u00e3o nos fornecer os seus dados pessoais informados como necess\u00e1rios, talvez n\u00e3o possamos fornecer nossos produtos ou servi\u00e7os.<\/p><p>O TRATAMENTO DOS SEUS DADOS PESSOAIS<\/p><p>A DURVAL TELECOM LTDA \u00e9 a respons\u00e1vel pelo tratamento dos dados pessoais e n\u00e3o pessoais informados por voc\u00ea.<\/p><p>Dado pessoal \u00e9 toda informa\u00e7\u00e3o capaz de identificar ou tornar voc\u00ea identific\u00e1vel.<\/p><p>Seus dados pessoais ser\u00e3o coletados apenas para finalidades espec\u00edficas, leg\u00edtimas e limitadas \u00e0 necessidade de tratamento, e n\u00e3o podem ser tratados posteriormente de uma forma incompat\u00edvel com essas finalidades.<\/p><p>Se voc\u00ea for menor de idade, a DURVAL TELECOM LTDA poder\u00e1 coletar seus dados pessoais, desde que isso seja feito com o consentimento espec\u00edfico de pelo menos um dos seus pais ou pelo seu respons\u00e1vel legal.<\/p><p>A partir do momento em que l\u00ea e concorda com esta Pol\u00edtica de Privacidade, voc\u00ea estar\u00e1 ciente da realiza\u00e7\u00e3o do tratamento dos seus dados pessoais, nos termos indicados a seguir.<\/p><p>QUE DADOS A DURVAL TELECOM LTDACOLETA?<\/p><p>Seus dados pessoais tratados e a forma de coleta poder\u00e3o variar de acordo com os servi\u00e7os contratados por voc\u00ea ou de acordo com a forma de uso dos seus servi\u00e7os. N\u00e3o importa se a coleta for feita a partir da inser\u00e7\u00e3o volunt\u00e1ria dos dados por voc\u00ea nas plataformas da DURVAL TELECOM LTDA, de forma autom\u00e1tica quando usa nossos servi\u00e7os, quando acessa nossos sites ou qualquer outra forma de intera\u00e7\u00e3o com a DURVAL TELECOM LTDA. Veja que dados s\u00e3o esses:<\/p><p>Seu nome, n\u00famero de CPF, n\u00famero de RG, endere\u00e7o (f\u00edsico e e-mail), n\u00famero de telefone celular e residencial, data de nascimento, nacionalidade e profiss\u00e3o, dados banc\u00e1rios, n\u00fameros de boleto.<\/p><p>Conte\u00fado de instrumentos de mandato (procura\u00e7\u00f5es) utilizados para a\u00e7\u00f5es de contrata\u00e7\u00e3o ou gest\u00e3o de contratos de servi\u00e7os prestados pela DURVAL TELECOM LTDA e n\u00famero de telefone comercial.<\/p><p>Informa\u00e7\u00f5es financeiras: informa\u00e7\u00f5es da fatura, como hist\u00f3rico, datas de pagamento, valores em aberto ou pagamentos recebidos, informa\u00e7\u00f5es do cart\u00e3o de cr\u00e9dito ou d\u00e9bito, da conta banc\u00e1ria e outras informa\u00e7\u00f5es banc\u00e1rias.<\/p><p>Coletamos seus dados sobre o modo de uso do site e dos aplicativos da DURVAL TELECOM LTDA: O hist\u00f3rico sobre o modo de uso e navega\u00e7\u00e3o realizada por voc\u00ea nos mais diversos meios e plataformas disponibilizados pela DURVAL TELECOM LTDA.<\/p><p>Coletamos seus dados de atendimento: As informa\u00e7\u00f5es prestadas nos servi\u00e7os de atendimento ao cliente, atrav\u00e9s de qualquer meio disponibilizado pela DURVAL TELECOM LTDA.<\/p><p>Coletamos seus dados de tr\u00e1fego: o uso e a quantidade dos pacotes ou da conex\u00e3o de dados. Ou como voc\u00ea est\u00e1 usando os dados, informa\u00e7\u00f5es do perfil de consumo.<\/p><p>Coletamos dados estat\u00edsticos A DURVAL TELECOM LTDA faz o levantamento de informa\u00e7\u00f5es de logs de uso para mapear o perfil de tr\u00e1fego de voz e dados.<\/p><p>Para quais finalidades a DURVAL TELECOM LTDA usa seus dados pessoais? Veja agora os motivos pelos quais tratamos seus dados pessoais e os fundamentos legais em que nos baseamos para podermos trat\u00e1-los de forma adequada.<\/p><p>Finalidade do tratamento<\/p><p>Dados tratados<\/p><p>Base legal<\/p><ul><li>Atendimento de solicita\u00e7\u00f5es para presta\u00e7\u00e3o de servi\u00e7o.<\/li><\/ul><ul><li>Faturamento e processamento de pagamento dos servi\u00e7os contratados.<\/li><\/ul><ul><li>Atendimento direto, indireto ou, ainda, atrav\u00e9s de terceiros autorizados pela DURVAL TELECOM LTDA.<\/li><\/ul><ul><li>Dados de cadastro e contrato<\/li><\/ul><ul><li>Informa\u00e7\u00f5es financeiras<\/li><\/ul><ul><li>Dados de tr\u00e1fego<\/li><\/ul><ul><li>Dados de atendimento<\/li><\/ul><ul><li>Execu\u00e7\u00e3o de contrato<\/li><\/ul><ul><li>Conduzir o planejamento de neg\u00f3cios.<\/li><\/ul><ul><li>Gera\u00e7\u00e3o e an\u00e1lise de indicadores, relat\u00f3rios e previs\u00f5es.<\/li><\/ul><ul><li>Acompanhamento e an\u00e1lises de desempenhos.<\/li><\/ul><ul><li>Estrat\u00e9gia de comunica\u00e7\u00e3o.<\/li><\/ul><ul><li>Estrat\u00e9gia de vendas.<\/li><\/ul><ul><li>Auditoria de qualidade.<\/li><\/ul><ul><li>Gest\u00e3o de controles<\/li><\/ul><ul><li>Dados de atendimento<\/li><\/ul><ul><li>Dados estat\u00edsticos<\/li><\/ul><ul><li>Informa\u00e7\u00f5es financeiras<\/li><\/ul><ul><li>Dados de localiza\u00e7\u00e3o<\/li><\/ul><ul><li>Dados de tr\u00e1fego<\/li><\/ul><ul><li>Leg\u00edtimo interesse<\/li><\/ul><ul><li>Preven\u00e7\u00e3o de fraude, uso fraudulento dos servi\u00e7os DURVAL TELECOM LTDA e demais medidas que promovam a seguran\u00e7a do usu\u00e1rio na frui\u00e7\u00e3o dos servi\u00e7os contratados<\/li><\/ul><ul><li>Dados de cadastro e contrato<\/li><\/ul><ul><li>Informa\u00e7\u00f5es financeiras<\/li><\/ul><ul><li>Dados de tr\u00e1fego<\/li><\/ul><ul><li>Dados de localiza\u00e7\u00e3o<\/li><\/ul><ul><li>Preven\u00e7\u00e3o \u00e0 fraude e \u00e0 seguran\u00e7a do titular<\/li><\/ul><ul><li>Leg\u00edtimo interesse<\/li><\/ul><ul><li>Inova\u00e7\u00e3o e evolu\u00e7\u00e3o dos servi\u00e7os, de acordo com o n\u00edvel de servi\u00e7o prestado aos usu\u00e1rios.<\/li><\/ul><ul><li>An\u00e1lise de tr\u00e1fego, criando relat\u00f3rio de gest\u00e3o de forma agregada e estat\u00edstico, visando a melhoria da presta\u00e7\u00e3o desses servi\u00e7os sem que os usu\u00e1rios sejam identificados individualmente.<\/li><\/ul><ul><li>Aperfei\u00e7oar o uso e a experi\u00eancia do usu\u00e1rio em nossos servi\u00e7os.<\/li><\/ul><ul><li>Dados de localiza\u00e7\u00e3o<\/li><\/ul><ul><li>Dados sobre o modo de uso do site e aplicativos<\/li><\/ul><ul><li>Dados de atendimento<\/li><\/ul><ul><li>Dados de tr\u00e1fego<\/li><\/ul><ul><li>Leg\u00edtimo interesse<\/li><\/ul><ul><li>Publicidade de ofertas, promo\u00e7\u00f5es, lan\u00e7amentos e materiais publicit\u00e1rios ou informativos relativos aos servi\u00e7os da DURVAL TELECOM LTDA ou de seus parceiros, bem como de terceiros.<\/li><\/ul><ul><li>Uso de localiza\u00e7\u00e3o e metodologia anal\u00edtica sobre comportamento de uso, padr\u00f5es e tend\u00eancias.<\/li><\/ul><ul><li>Dados de cadastro e contrato.<\/li><\/ul><ul><li>Dados sobre modo de uso do site e aplicativos.<\/li><\/ul><ul><li>Dados de tr\u00e1fego.<\/li><\/ul><ul><li>Leg\u00edtimo interesse<\/li><\/ul><ul><li><ul><li>Apresentar publicidade mais relevante de seus parceiros ou de terceiros em seus canais.<\/li><\/ul><\/li><\/ul><ul><li>Dados de cadastro e contrato.<\/li><\/ul><ul><li>Dados sobre modo de uso do site e aplicativos.<\/li><\/ul><ul><li>Dados de tr\u00e1fego<\/li><\/ul><ul><li>Leg\u00edtimo interesse<\/li><\/ul><ul><li>Envio de informa\u00e7\u00f5es, relat\u00f3rios e indicadores \u00e0 Anatel.<\/li><\/ul><ul><li>Envio de informa\u00e7\u00f5es, relat\u00f3rios e pareceres ao Procon e demais \u00f3rg\u00e3os e autoridades competentes.<\/li><\/ul><ul><li>Quebra de sigilo telef\u00f4nico, em determinados casos, quando solicitado por autoridade policial, Minist\u00e9rio P\u00fablico e ordens judiciais.<\/li><\/ul><ul><li>Dados de cadastro e contrato.<\/li><\/ul><ul><li>Dados de atendimento<\/li><\/ul><ul><li>Informa\u00e7\u00f5es financeiras<\/li><\/ul><ul><li>Dados de tr\u00e1fego.<\/li><\/ul><ul><li>Cumprimento de obriga\u00e7\u00e3o legal ou regulat\u00f3ria.<\/li><\/ul><ul><li>Efetuar, exercer ou defender a\u00e7\u00f5es judiciais.<\/li><\/ul><ul><li>Resposta a of\u00edcios e cumprimento de liminares.<\/li><\/ul><ul><li>Defesa em processos administrativos, relacionados aos \u00f3rg\u00e3os de defesa do consumidor.<\/li><\/ul><ul><li>Dados de cadastro e contrato.<\/li><\/ul><ul><li>Dados de atendimento.<\/li><\/ul><ul><li>Informa\u00e7\u00f5es financeiras.<\/li><\/ul><ul><li>Dados de tr\u00e1fego.<\/li><\/ul><ul><li>Exerc\u00edcio regular de direitos.<\/li><\/ul><p>AS BASES LEGAIS PARA TRATAMENTO DE DADOS<\/p><p>A DURVAL TELECOM LTDA poder\u00e1 realizar o tratamento dos seus dados pessoais amparada nas seguintes bases legais:<\/p><p>Para a correta execu\u00e7\u00e3o do contrato ou presta\u00e7\u00e3o do servi\u00e7o contratado, ou at\u00e9 mesmo para eventuais procedimentos preliminares necess\u00e1rios, e tamb\u00e9m para o atendimento das suas eventuais solicita\u00e7\u00f5es.<\/p><p>Para o cumprimento de obriga\u00e7\u00e3o legal ou regulat\u00f3ria.<\/p><p>No atendimento ao seu leg\u00edtimo interesse ou ao interesse DURVAL TELECOM LTDA, incluindo, mas n\u00e3o se limitando, ao apoio e promo\u00e7\u00e3o de suas atividades e na prote\u00e7\u00e3o, em rela\u00e7\u00e3o aos titulares, do exerc\u00edcio regular de seus direitos ou presta\u00e7\u00e3o de servi\u00e7os que os beneficiem de alguma forma.<\/p><p>Mediante o fornecimento do seu consentimento, atrav\u00e9s de manifesta\u00e7\u00e3o livre, informada e inequ\u00edvoca, para uma finalidade determinada.<\/p><p>Para medidas de preven\u00e7\u00e3o \u00e0 fraude e \u00e0 sua seguran\u00e7a.<\/p><p>Para o exerc\u00edcio regular de direitos no \u00e2mbito de processos judiciais ou administrativos.<\/p><p>Para uso compartilhado de dados com a Administra\u00e7\u00e3o P\u00fablica, para o tratamento necess\u00e1rio \u00e0 execu\u00e7\u00e3o de pol\u00edticas p\u00fablicas previstas em leis e regulamentos ou respaldadas em contratos, conv\u00eanios ou instrumentos cong\u00eaneres.<\/p><p>QUAIS S\u00c3O OS SEUS DIREITOS<\/p><p>A Lei Geral de Prote\u00e7\u00e3o de Dados (LGPD) confere a voc\u00ea direitos sobre seus dados pessoais, conforme mostramos a seguir.<\/p><p>Direito de acesso e de confirma\u00e7\u00e3o de tratamento: voc\u00ea tem o direito de confirmar a exist\u00eancia de tratamento dos seus dados pessoais e tamb\u00e9m de acesso e requisi\u00e7\u00e3o de c\u00f3pia desses dados, ressalvadas as hip\u00f3teses de sigilo legal.<\/p><p>Direito de corre\u00e7\u00e3o: voc\u00ea tamb\u00e9m tem o direito de solicitar a retifica\u00e7\u00e3o, atualiza\u00e7\u00e3o ou complementa\u00e7\u00e3o dos seus dados pessoais.<\/p><p>Direito de elimina\u00e7\u00e3o: voc\u00ea pode solicitar a exclus\u00e3o dos seus dados pessoais, exceto se aplic\u00e1vel outra hip\u00f3tese legal que impe\u00e7a a exclus\u00e3o ou que torne necess\u00e1ria a continuidade do tratamento.<\/p><p>Direito de obje\u00e7\u00e3o: voc\u00ea pode solicitar, tempor\u00e1ria ou permanentemente, a interrup\u00e7\u00e3o do tratamento de todos ou alguns dos seus dados pessoais, exceto se aplic\u00e1vel outra hip\u00f3tese legal que impe\u00e7a a exclus\u00e3o ou que torne necess\u00e1ria a continuidade do tratamento.<\/p><p>Direito de portabilidade: voc\u00ea pode pedir seus dados pessoais de forma estruturada, de forma que possam ser transmitidos a outro fornecedor de servi\u00e7o ou produto, mediante solicita\u00e7\u00e3o.<\/p><p>Anonimiza\u00e7\u00e3o: voc\u00ea pode solicitar que seus dados pessoais tratados se tornem an\u00f4nimos, podendo requerer o bloqueio ou a elimina\u00e7\u00e3o daqueles considerados desnecess\u00e1rios ou excessivos para finalidade aplic\u00e1vel ao caso concreto ou na hip\u00f3tese de eventual tratamento em desacordo com a legisla\u00e7\u00e3o aplic\u00e1vel. Exceto se aplic\u00e1vel outra hip\u00f3tese legal que impe\u00e7a a anonimiza\u00e7\u00e3o, bloqueio ou elimina\u00e7\u00e3o desses dados ou que torne necess\u00e1ria a continuidade do seu tratamento.<\/p><p>Informa\u00e7\u00f5es de compartilhamento: voc\u00ea pode pedir informa\u00e7\u00f5es sobre entidades p\u00fablicas ou privadas com as quais seus dados pessoais foram compartilhados para o cumprimento das finalidades previstas nesta Pol\u00edtica de Privacidade, com exce\u00e7\u00e3o dos casos de sigilo legal.<\/p><p>Consentimento: voc\u00ea tamb\u00e9m pode fornecer e revogar, a qualquer momento, o consentimento anteriormente dado \u00e0 DURVAL TELECOM LTDA mediante manifesta\u00e7\u00e3o expressa, al\u00e9m de solicitar informa\u00e7\u00f5es sobre a possibilidade de n\u00e3o fornecer consentimento e sobre as eventuais consequ\u00eancias da negativa.<\/p><p>Voc\u00ea pode exercer esses direitos a qualquer momento. Basta enviar uma mensagem para o e-mail: durvaltelecom.net@gmail.com.<\/p><p>Voc\u00ea reconhece que os termos dos direitos citados nesta p\u00e1gina ser\u00e3o assegurados nos termos legais e regulat\u00f3rios aplic\u00e1veis em cada caso concreto.<\/p><p>Elimina\u00e7\u00e3o e anonimiza\u00e7\u00e3o:<\/p><p>Para atender determinadas exig\u00eancias legais estabelecidas pelos \u00f3rg\u00e3os reguladores, com exce\u00e7\u00e3o de determina\u00e7\u00e3o judicial, n\u00e3o poder\u00e3o ser eliminados ou anonimizados dados que sejam inerentes \u00e0 presta\u00e7\u00e3o do servi\u00e7o pela DURVAL TELECOM LTDA, como dados cadastrais, dados de cobran\u00e7a, dados de localiza\u00e7\u00e3o e dados de tr\u00e1fego.<\/p><p>Compartilhamento dos dados:<\/p><p>A DURVAL TELECOM LTDA n\u00e3o compartilha os seus dados pessoais com empresas, organiza\u00e7\u00f5es ou terceiros, apenas nestes casos abaixo, e sempre de acordo com esta Pol\u00edtica de Privacidade e outras medidas de seguran\u00e7a e de confidencialidade adequadas:<\/p><p>Entre os setores da DURVAL TELECOM LTDA para manuten\u00e7\u00e3o, promo\u00e7\u00e3o e melhoria dos servi\u00e7os.<\/p><p>Para parceiros comerciais no desenvolvimento de promo\u00e7\u00f5es e a\u00e7\u00f5es comerciais conjuntas com a DURVAL TELECOM LTDA.<\/p><p>Para prestadores de servi\u00e7o de marketing, como envio de e-mail marketing, SMS e veicula\u00e7\u00e3o de an\u00fancios online.<\/p><p>Para parceiros de vendas e lojas franqueadas, na colabora\u00e7\u00e3o \u00e0s vendas de produtos e servi\u00e7os fornecidos pela DURVAL TELECOM LTDA.<\/p><p>Para terceiros contratados ou autorizados para cuidados relacionados \u00e0 execu\u00e7\u00e3o ou gest\u00e3o dos servi\u00e7os DURVAL TELECOM LTDA, como, por exemplo, prestadores de servi\u00e7o de suporte t\u00e9cnico e reparo de servi\u00e7os, an\u00e1lise de dados, consultoria, impress\u00e3o de faturas, consultas ao sistema de prote\u00e7\u00e3o ao cr\u00e9dito e centrais de atendimento ao cliente.<\/p><p>Para autoridades governamentais, como, por exemplo, autoridades policiais, Minist\u00e9rio P\u00fablico, Tribunais de Justi\u00e7a, \u00f3rg\u00e3os de defesa do consumidor ou Anatel, por conta de obriga\u00e7\u00e3o legal, regulat\u00f3ria, ordem judicial ou demais solicita\u00e7\u00f5es de autoridades com poderes para tanto, para proteger de preju\u00edzos \u00e0 propriedade ou \u00e0 seguran\u00e7a da DURVAL TELECOM LTDA ou de seus clientes, conforme solicitado ou permitido por lei.<\/p><p>Para institui\u00e7\u00f5es de prote\u00e7\u00e3o ao cr\u00e9dito, para reduzir o risco de cr\u00e9dito e o uso fraudulento dos servi\u00e7os DURVAL TELECOM LTDA.<\/p><p>Para terceiros, n\u00e3o previstos aqui, mediante o seu consentimento espec\u00edfico.<\/p><p>Para ag\u00eancias de cobran\u00e7as de d\u00edvidas, em casos de inadimpl\u00eancia.<\/p><p>Caso precise, para terceiros, em raz\u00e3o de reestrutura\u00e7\u00e3o societ\u00e1ria DURVAL TELECOM LTDA.<\/p><p>A DURVAL TELECOM LTDA solicitar\u00e1 a voc\u00ea o consentimento espec\u00edfico para compartilhar qualquer dado pessoa sens\u00edvel.<\/p><p>Uso de cookies:<\/p><p>A DURVAL TELECOM LTDA n\u00e3o faz uso de cookies no site da empresa.<\/p><p>Bot\u00f5es de m\u00eddias sociais:<\/p><p>A DURVAL TELECOM LTDA usa &#8220;bot\u00f5es sociais&#8221; para permitir que os nossos usu\u00e1rios compartilhem ou marquem p\u00e1ginas da web. S\u00e3o bot\u00f5es de sites terceiros de m\u00eddias sociais e que podem registrar informa\u00e7\u00f5es sobre suas atividades na internet. Por favor, reveja os respectivos termos de uso e pol\u00edticas de privacidade desses sites para entender exatamente como eles usam suas informa\u00e7\u00f5es, como optar por n\u00e3o receber ou excluir tais informa\u00e7\u00f5es.<\/p><p>Reten\u00e7\u00e3o e t\u00e9rmino do tratamento dos dados pessoais:<\/p><p>A DURVAL TELECOM LTDA poder\u00e1 manter armazenados os seus dados pessoais ap\u00f3s o encerramento de contrato ou o t\u00e9rmino do servi\u00e7o contratado por voc\u00ea, conforme se revele estritamente necess\u00e1rio para o cumprimento de obriga\u00e7\u00e3o legal ou regulat\u00f3ria a que estejamos sujeitos. Ou ainda para exerc\u00edcio de algum direito da DURVAL TELECOM LTDA em processo administrativo, judicial ou extrajudicial, sem preju\u00edzo da aplica\u00e7\u00e3o das hip\u00f3teses mencionadas pelo art. 16 da Lei Geral de Prote\u00e7\u00e3o de Dados Pessoais (LGPD).<\/p><p>Os dados pessoais usados para fornecer uma experi\u00eancia personalizada a voc\u00ea ser\u00e3o mantidos exclusivamente pelo tempo permitido, de acordo com a legisla\u00e7\u00e3o vigente.<\/p><p>Seus dados pessoais ser\u00e3o tratados apenas durante o per\u00edodo necess\u00e1rio para o alcance das finalidades pretendidas, conforme estabelecido no item 3 desta Pol\u00edtica de Privacidade.<\/p><p>Seguran\u00e7a da informa\u00e7\u00e3o:<\/p><p>A DURVAL TELECOM LTDA se compromete a garantir a seguran\u00e7a e a manuten\u00e7\u00e3o da prote\u00e7\u00e3o dos seus dados pessoais armazenados com a ado\u00e7\u00e3o das medidas t\u00e9cnicas e administrativas aptas a proteger os dados pessoais exportados de acessos n\u00e3o autorizados e de situa\u00e7\u00f5es acidentais ou il\u00edcitas, de acordo com as legisla\u00e7\u00f5es aplic\u00e1veis.<\/p>\t\t\t\t\t\t\t\t<\/div>\n\t\t\t\t<\/div>\n\t\t\t\t\t<\/div>\n\t\t<\/div>\n\t\t\t\t\t<\/div>\n\t\t<\/section>\n\t\t\t\t<\/div>\n\t\t","protected":false},"excerpt":{"rendered":"<p>Politica | Pol\u00edtica de Privacidade POL\u00cdTICA DE PRIVACIDADE ATUALIZADA EM 30 DE JULHO DE 2021 Esta \u00e9 a nossa Pol\u00edtica de Privacidade, que mostra em detalhes as diretrizes da DURVAL TELECOM LTDA para o tratamento dos dados, f\u00edsicos ou digitais, fornecidos por clientes e n\u00e3o clientes, pessoas f\u00edsicas que usam nossos servi\u00e7os. Esta pol\u00edtica \u00e9 [&hellip;]<\/p>\n","protected":false},"author":1,"featured_media":0,"parent":0,"menu_order":0,"comment_status":"closed","ping_status":"closed","template":"elementor_header_footer","meta":{"footnotes":""},"class_list":["post-374","page","type-page","status-publish","hentry"],"_links":{"self":[{"href":"https:\/\/durval.siteswinsmarketing.com.br\/index.php\/wp-json\/wp\/v2\/pages\/374","targetHints":{"allow":["GET"]}}],"collection":[{"href":"https:\/\/durval.siteswinsmarketing.com.br\/index.php\/wp-json\/wp\/v2\/pages"}],"about":[{"href":"https:\/\/durval.siteswinsmarketing.com.br\/index.php\/wp-json\/wp\/v2\/types\/page"}],"author":[{"embeddable":true,"href":"https:\/\/durval.siteswinsmarketing.com.br\/index.php\/wp-json\/wp\/v2\/users\/1"}],"replies":[{"embeddable":true,"href":"https:\/\/durval.siteswinsmarketing.com.br\/index.php\/wp-json\/wp\/v2\/comments?post=374"}],"version-history":[{"count":4,"href":"https:\/\/durval.siteswinsmarketing.com.br\/index.php\/wp-json\/wp\/v2\/pages\/374\/revisions"}],"predecessor-version":[{"id":378,"href":"https:\/\/durval.siteswinsmarketing.com.br\/index.php\/wp-json\/wp\/v2\/pages\/374\/revisions\/378"}],"wp:attachment":[{"href":"https:\/\/durval.siteswinsmarketing.com.br\/index.php\/wp-json\/wp\/v2\/media?parent=374"}],"curies":[{"name":"wp","href":"https:\/\/api.w.org\/{rel}","templated":true}]}}